{"id":16,"date":"2017-08-09T13:30:51","date_gmt":"2017-08-09T13:30:51","guid":{"rendered":"http:\/\/janaklein.net\/?page_id=16"},"modified":"2017-08-09T15:13:05","modified_gmt":"2017-08-09T15:13:05","slug":"ueber-mich","status":"publish","type":"page","link":"http:\/\/jejaklein.net\/?page_id=16","title":{"rendered":"\u00dcber mich"},"content":{"rendered":"<p><img loading=\"lazy\" decoding=\"async\" src=\"http:\/\/janaklein.net\/wp-content\/uploads\/2017\/08\/profilrund.png\" alt=\"\" width=\"192\" height=\"192\" class=\"aligncenter size-full wp-image-147\" srcset=\"http:\/\/jejaklein.net\/wp-content\/uploads\/2017\/08\/profilrund.png 192w, http:\/\/jejaklein.net\/wp-content\/uploads\/2017\/08\/profilrund-150x150.png 150w\" sizes=\"auto, (max-width: 192px) 100vw, 192px\" \/><\/p>\n<blockquote>\n<p style=\"text-align: center;\">Immer dort, wo die Strukturen unser Gesellschaftsordnung auf den einzelnen Menschen treffen und an ihm in Widerspruch geraten, entsteht Spannendes. Mich bewegt das Ringen der Menschen mit diesem Leben. Journalismus ist f\u00fcr mich kein interesseloses Schreiben, &#8222;was ist&#8220; &#8211; denn was ist, ist stets ein Vermitteltes. Dieser Vermittlung nachzusp\u00fcren, das w\u00e4re f\u00fcr mich die Aufgabe von Journalistinnen. Schreibend und denkend versuche ich, diesem Anspruch gerecht zu bleiben. Er beginnt im Konkreten, im Leid &#8211; und sieht sich dann nach seinen Bedingungen um. Die Frage danach, wie wir zusammen leben wollen, ist die brisanteste Frage unter allen. Sie ist die politischste Frage \u00fcberhaupt.<\/p>\n<\/blockquote>\n","protected":false},"excerpt":{"rendered":"<p>Immer dort, wo die Strukturen unser Gesellschaftsordnung auf den einzelnen Menschen treffen und an ihm in Widerspruch geraten, entsteht Spannendes. Mich bewegt das Ringen der Menschen mit diesem Leben. Journalismus ist f\u00fcr mich kein interesseloses Schreiben, &#8222;was ist&#8220; &#8211; denn was ist, ist stets ein Vermitteltes. Dieser Vermittlung nachzusp\u00fcren, das w\u00e4re f\u00fcr mich die Aufgabe [&hellip;]<\/p>\n","protected":false},"author":1,"featured_media":0,"parent":0,"menu_order":0,"comment_status":"closed","ping_status":"closed","template":"","meta":{"footnotes":"","_links_to":"","_links_to_target":""},"class_list":["post-16","page","type-page","status-publish","hentry"],"_links":{"self":[{"href":"http:\/\/jejaklein.net\/index.php?rest_route=\/wp\/v2\/pages\/16","targetHints":{"allow":["GET"]}}],"collection":[{"href":"http:\/\/jejaklein.net\/index.php?rest_route=\/wp\/v2\/pages"}],"about":[{"href":"http:\/\/jejaklein.net\/index.php?rest_route=\/wp\/v2\/types\/page"}],"author":[{"embeddable":true,"href":"http:\/\/jejaklein.net\/index.php?rest_route=\/wp\/v2\/users\/1"}],"replies":[{"embeddable":true,"href":"http:\/\/jejaklein.net\/index.php?rest_route=%2Fwp%2Fv2%2Fcomments&post=16"}],"version-history":[{"count":3,"href":"http:\/\/jejaklein.net\/index.php?rest_route=\/wp\/v2\/pages\/16\/revisions"}],"predecessor-version":[{"id":148,"href":"http:\/\/jejaklein.net\/index.php?rest_route=\/wp\/v2\/pages\/16\/revisions\/148"}],"wp:attachment":[{"href":"http:\/\/jejaklein.net\/index.php?rest_route=%2Fwp%2Fv2%2Fmedia&parent=16"}],"curies":[{"name":"wp","href":"https:\/\/api.w.org\/{rel}","templated":true}]}}